{"id":656,"date":"2023-01-04T19:55:08","date_gmt":"2023-01-05T00:55:08","guid":{"rendered":"https:\/\/proquident.com.co\/linea-profesional\/?post_type=product&#038;p=656"},"modified":"2025-10-21T17:45:57","modified_gmt":"2025-10-21T22:45:57","slug":"tiras-de-myllar","status":"publish","type":"product","link":"https:\/\/proquident.com.co\/linea-profesional\/producto\/tiras-de-myllar\/","title":{"rendered":"Tiras de Myllar"},"content":{"rendered":"<p>Cintas de Myllar Dupont transparentes, cuentan con el grosor y la resistencia adecuada para su uso cl\u00ednico (4\u201d x 3 \/ 8\u201d x 0.002). Estas tiras de 10.2 cm de largo, 1 cm de ancho y 0.03 mm de grosor son usadas como banda matriz para silicatos, ion\u00f3meros de vidrio y resinas, ya que tienen la flexibilidad necesaria para usarlas sin que se fracturen y al mismo tiempo ofrecen resistencia a los disolventes usados en los procesos de obturaci\u00f3n, lo que las convierte en la mejor opci\u00f3n del mercado.<\/p>\n<p>Adem\u00e1s, los bordes de las tiras son lisos para garantizar la comodidad del paciente.<\/p>\n<h3>Usos<\/h3>\n<p>Una vez la cavidad est\u00e1 preparada (tallada y grabada), ubica la tira de Myllar en interproximal \u2013 asegur\u00e1ndose de que quede estable- para esto podr\u00edas necesitar cu\u00f1as.<\/p>\n<p>Coloca el adhesivo, fotocura con la banda en posici\u00f3n, para evitar que fluya hacia el diente adyacente y luego retira. Entre cada incremento de resina, pon la cinta realizando movimientos suaves en sentido bucolingual, para que la misma tira ayude a adaptar el material de obturaci\u00f3n a las paredes.<\/p>\n<h3>Presentaciones<\/h3>\n<p>Caja por 50 unidades.<\/p>\n<p><strong>Para informaci\u00f3n adicional sobre este producto cont\u00e1ctenos a trav\u00e9s de <i class=\"fas fa-envelope\"><\/i><a href=\"mailto:contacto@proquident.com.co\" target=\"_blank\" rel=\"noopener\">\u00a0contacto@proquident.com.co<\/a><\/strong><\/p>\n","protected":false},"excerpt":{"rendered":"<p>Cintas de Myllar Dupont transparentes, cuentan con el grosor y la resistencia adecuada para su uso cl\u00ednico.<\/p>\n<ul>\n<li>Resistente a disolventes usados en procesos de obturaci\u00f3n<\/li>\n<li>No mancha la ropa<\/li>\n<\/ul>\n[fl_builder_insert_layout id=1184]\n<p>[su_button url=\"https:\/\/proquident.com.co\/DocumentosProductos\/Tiras%20de%20Myllar\/GC-FT-23%20TIRAS%20DE%20MYLLAR%20_v4.pdf?_t=1715100330\" target=\"_blank\" style=\"flat\u201d icon=\"icon: angle-double-down\u201d]Ficha t\u00e9cnica[\/su_button] [su_button url=\"https:\/\/proquident.com.co\/DocumentosProductos\/Tiras%20de%20Myllar\/Registro_TirasMyllar.pdf?_t=1674655802?_t=1674690871?_t=1674087245\" target=\"_blank\" style=\"flat\u201d icon=\"icon: angle-double-down\u201d]Registro sanitario[\/su_button]<\/p>\n","protected":false},"featured_media":1015,"comment_status":"open","ping_status":"closed","template":"","meta":{"om_disable_all_campaigns":false,"inline_featured_image":false,"_monsterinsights_skip_tracking":false,"_monsterinsights_sitenote_active":false,"_monsterinsights_sitenote_note":"","_monsterinsights_sitenote_category":0,"_uf_show_specific_survey":0,"_uf_disable_surveys":false},"product_cat":[15],"product_tag":[92,91],"class_list":{"0":"post-656","1":"product","2":"type-product","3":"status-publish","4":"has-post-thumbnail","6":"product_cat-linea-odontologica","7":"product_tag-cintas-de-myllar","8":"product_tag-tiras-de-myllar","10":"first","11":"instock","12":"shipping-taxable","13":"purchasable","14":"product-type-simple"},"aioseo_notices":[],"_links":{"self":[{"href":"https:\/\/proquident.com.co\/linea-profesional\/wp-json\/wp\/v2\/product\/656","targetHints":{"allow":["GET"]}}],"collection":[{"href":"https:\/\/proquident.com.co\/linea-profesional\/wp-json\/wp\/v2\/product"}],"about":[{"href":"https:\/\/proquident.com.co\/linea-profesional\/wp-json\/wp\/v2\/types\/product"}],"replies":[{"embeddable":true,"href":"https:\/\/proquident.com.co\/linea-profesional\/wp-json\/wp\/v2\/comments?post=656"}],"wp:featuredmedia":[{"embeddable":true,"href":"https:\/\/proquident.com.co\/linea-profesional\/wp-json\/wp\/v2\/media\/1015"}],"wp:attachment":[{"href":"https:\/\/proquident.com.co\/linea-profesional\/wp-json\/wp\/v2\/media?parent=656"}],"wp:term":[{"taxonomy":"product_cat","embeddable":true,"href":"https:\/\/proquident.com.co\/linea-profesional\/wp-json\/wp\/v2\/product_cat?post=656"},{"taxonomy":"product_tag","embeddable":true,"href":"https:\/\/proquident.com.co\/linea-profesional\/wp-json\/wp\/v2\/product_tag?post=656"}],"curies":[{"name":"wp","href":"https:\/\/api.w.org\/{rel}","templated":true}]}}