{"id":891,"date":"2023-01-06T00:26:55","date_gmt":"2023-01-06T00:26:55","guid":{"rendered":"https:\/\/proquident.com.co\/higiene-oral\/?post_type=product&#038;p=891"},"modified":"2026-02-05T21:52:17","modified_gmt":"2026-02-05T21:52:17","slug":"crema-dental-baby","status":"publish","type":"product","link":"https:\/\/proquident.com.co\/higiene-oral\/producto\/crema-dental-baby\/","title":{"rendered":"Crema dental baby"},"content":{"rendered":"<h3>Usos<\/h3>\n<p>Este producto es de uso diario. Aplica una peque\u00f1a cantidad de crema (tama\u00f1o de una lenteja) sobre un dedal de silicona, realiza un suave masaje sobre los carriles de las enc\u00edas, las mucosas y la lengua del beb\u00e9.<\/p>\n<h3>P\u00fablico<\/h3>\n<p>Para beb\u00e9s desde los 3 meses.<\/p>\n<h3>Presentaci\u00f3n<\/h3>\n<p>Dedal silicona + crema dental baby 25mL.<\/p>\n<p><strong>Para Informaci\u00f3n adicional sobre este producto cont\u00e1ctenos a trav\u00e9s de <i class=\"fas fa-envelope\"><\/i><a href=\"mailto:contacto@proquident.com.co\" target=\"_blank\" rel=\"noopener\">\u00a0contacto@proquident.com.co<\/a><\/strong><\/p>\n","protected":false},"excerpt":{"rendered":"<p>Gel dental sin fl\u00faor para beb\u00e9s desde los 3 meses de edad con lactato de calcio y xilitol, para la protecci\u00f3n de sus primeros dientes.<\/p>\n<ul>\n<li>Es de grado alimenticio<\/li>\n<li>Libre de sulfatos y parabenos<\/li>\n<li>Sabor a manzana banano<\/li>\n<\/ul>\n<p>Dedal elaborado en silicona suave de alta calidad y de f\u00e1cil manipulaci\u00f3n para los cuidadores del beb\u00e9. Ideal para limpiar suavemente las enc\u00edas y la cavidad oral. Se recomienda que sea manipulado \u00fanicamente por un adulto.<\/p>\n[fl_builder_insert_layout id=1642]\n<p>[su_button url=\"https:\/\/proquident.com.co\/DocumentosProductos\/Crema%20dental%20baby\/GC-FT-349CREMA%20BABY%20X%2025ML%20PROQUIDENT%20%2B%20CEPILLO%20DEDAL%20DE%20SILICONA_v6%20%281%29.pdf?_t=1761092957\" target=\"_blank\" style=\"flat\u201d icon=\"icon: angle-double-down\u201d]Ficha t\u00e9cnica[\/su_button] [su_button url=\"https:\/\/proquident.com.co\/DocumentosProductos\/Cepillo%20para%20ortodoncia\/INVIMA%202021DM-0024771%20Nuevo.pdf?_t=1770325116\" target=\"_blank\" style=\"flat\u201d icon=\"icon: angle-double-down\u201d]Registro sanitario[\/su_button]<\/p>\n","protected":false},"featured_media":1472,"comment_status":"open","ping_status":"closed","template":"","meta":{"om_disable_all_campaigns":false,"inline_featured_image":false,"_monsterinsights_skip_tracking":false,"_monsterinsights_sitenote_active":false,"_monsterinsights_sitenote_note":"","_monsterinsights_sitenote_category":0,"_uf_show_specific_survey":0,"_uf_disable_surveys":false},"product_cat":[149],"product_tag":[107,80,92],"class_list":{"0":"post-891","1":"product","2":"type-product","3":"status-publish","4":"has-post-thumbnail","6":"product_cat-cremas","7":"product_tag-crema-bebes","8":"product_tag-crema-dental","9":"product_tag-crema-sin-fluor","11":"first","12":"instock","13":"shipping-taxable","14":"product-type-simple"},"aioseo_notices":[],"_links":{"self":[{"href":"https:\/\/proquident.com.co\/higiene-oral\/wp-json\/wp\/v2\/product\/891","targetHints":{"allow":["GET"]}}],"collection":[{"href":"https:\/\/proquident.com.co\/higiene-oral\/wp-json\/wp\/v2\/product"}],"about":[{"href":"https:\/\/proquident.com.co\/higiene-oral\/wp-json\/wp\/v2\/types\/product"}],"replies":[{"embeddable":true,"href":"https:\/\/proquident.com.co\/higiene-oral\/wp-json\/wp\/v2\/comments?post=891"}],"wp:featuredmedia":[{"embeddable":true,"href":"https:\/\/proquident.com.co\/higiene-oral\/wp-json\/wp\/v2\/media\/1472"}],"wp:attachment":[{"href":"https:\/\/proquident.com.co\/higiene-oral\/wp-json\/wp\/v2\/media?parent=891"}],"wp:term":[{"taxonomy":"product_cat","embeddable":true,"href":"https:\/\/proquident.com.co\/higiene-oral\/wp-json\/wp\/v2\/product_cat?post=891"},{"taxonomy":"product_tag","embeddable":true,"href":"https:\/\/proquident.com.co\/higiene-oral\/wp-json\/wp\/v2\/product_tag?post=891"}],"curies":[{"name":"wp","href":"https:\/\/api.w.org\/{rel}","templated":true}]}}