{"id":886,"date":"2023-01-05T18:29:21","date_gmt":"2023-01-05T18:29:21","guid":{"rendered":"https:\/\/proquident.com.co\/higiene-oral\/?post_type=product&#038;p=886"},"modified":"2025-10-21T23:52:02","modified_gmt":"2025-10-21T23:52:02","slug":"gotas-reveladoras-ninos","status":"publish","type":"product","link":"https:\/\/proquident.com.co\/higiene-oral\/producto\/gotas-reveladoras-ninos\/","title":{"rendered":"Gotas reveladoras de placa"},"content":{"rendered":"<h3>Beneficios<\/h3>\n<ul>\n<li>Este producto tiene un uso did\u00e1ctico, revela la placa bacteriana al te\u00f1irla de color, mostrando d\u00f3nde hay falencia en el cepillado y as\u00ed mejorar la t\u00e9cnica.<\/li>\n<li>Olor a fresa.<\/li>\n<\/ul>\n<h3>Usos<\/h3>\n<ul>\n<li>Coloca 2 gotas en la punta de la lengua.<\/li>\n<li>Desplaza la lengua alrededor de toda la superficie de los dientes.<\/li>\n<li>Deja actuar por 30 segundos.<\/li>\n<li>Detecta la presencia de la placa bacteriana, la cual se ti\u00f1e de rojo al entrar en contacto con el colorante.<\/li>\n<li>Enjuaga bien.<\/li>\n<li>Cepilla nuevamente, prestando especial atenci\u00f3n a las zonas que se ti\u00f1eron anteriormente.<\/li>\n<\/ul>\n<h3>Recomendaciones<\/h3>\n<ul>\n<li>No ingerir.<\/li>\n<li>Mantener el recipiente bien tapado, en un lugar fresco y seco, retirado de la luz directa.<\/li>\n<li>No aplicar si tiene restauraciones en resina o porcelana.<\/li>\n<li>No usar si se hizo blanqueamiento dental, o est\u00e1 en el proceso.<\/li>\n<\/ul>\n<h3>Presentaci\u00f3n<\/h3>\n<p>Gotero por 10 mL<\/p>\n<h3>Registro INVIMA<\/h3>\n<p>2019DM-0019524<\/p>\n<p><strong>Para Informaci\u00f3n adicional sobre este producto cont\u00e1ctenos a trav\u00e9s de <i class=\"fas fa-envelope\"><\/i><a href=\"mailto:contacto@proquident.com.co\" target=\"_blank\" rel=\"noopener\">\u00a0contacto@proquident.com.co<\/a><\/strong><\/p>\n","protected":false},"excerpt":{"rendered":"<p>Producto l\u00edquido con eritrosina s\u00f3dica al 2%, elaboradas especialmente para detectar la presencia de la placa bacteriana, ti\u00f1\u00e9ndola de rojo.<\/p>\n<p>La presentaci\u00f3n en gotero por 10 ml, permite un uso m\u00e1s c\u00f3modo para ni\u00f1os y adultos.<\/p>\n<p>[su_button url=\"https:\/\/proquident.com.co\/DocumentosProductos\/Gotas%20reveladoras\/GC-FT-14GOTAS%20REVELADORAS%20DE%20PLACA%20BACTERIANA%20PROQUIDENT_V9.pdf?_t=1761090671\" target=\"_blank\" style=\"flat\u201d icon=\"icon: angle-double-down\u201d]Ficha t\u00e9cnica[\/su_button] [su_button url=\"https:\/\/proquident.com.co\/DocumentosProductos\/Gotas%20reveladoras\/%28INVIMA%202019DM-0019524%29%20Gotas%20reveladoras.pdf?_t=1761090391\" target=\"_blank\" style=\"flat\u201d icon=\"icon: angle-double-down\u201d]Registro sanitario[\/su_button]<\/p>\n[fl_builder_insert_layout id=1287]\n","protected":false},"featured_media":904,"comment_status":"open","ping_status":"closed","template":"","meta":{"om_disable_all_campaigns":false,"inline_featured_image":false,"_monsterinsights_skip_tracking":false,"_monsterinsights_sitenote_active":false,"_monsterinsights_sitenote_note":"","_monsterinsights_sitenote_category":0,"_uf_show_specific_survey":0,"_uf_disable_surveys":false},"product_cat":[147,56],"product_tag":[100,101],"class_list":{"0":"post-886","1":"product","2":"type-product","3":"status-publish","4":"has-post-thumbnail","6":"product_cat-enjuagues","7":"product_cat-especializados","8":"product_tag-gotas-reveladoras","9":"product_tag-placa-bacteriana","11":"first","12":"instock","13":"shipping-taxable","14":"product-type-simple"},"aioseo_notices":[],"_links":{"self":[{"href":"https:\/\/proquident.com.co\/higiene-oral\/wp-json\/wp\/v2\/product\/886","targetHints":{"allow":["GET"]}}],"collection":[{"href":"https:\/\/proquident.com.co\/higiene-oral\/wp-json\/wp\/v2\/product"}],"about":[{"href":"https:\/\/proquident.com.co\/higiene-oral\/wp-json\/wp\/v2\/types\/product"}],"replies":[{"embeddable":true,"href":"https:\/\/proquident.com.co\/higiene-oral\/wp-json\/wp\/v2\/comments?post=886"}],"wp:featuredmedia":[{"embeddable":true,"href":"https:\/\/proquident.com.co\/higiene-oral\/wp-json\/wp\/v2\/media\/904"}],"wp:attachment":[{"href":"https:\/\/proquident.com.co\/higiene-oral\/wp-json\/wp\/v2\/media?parent=886"}],"wp:term":[{"taxonomy":"product_cat","embeddable":true,"href":"https:\/\/proquident.com.co\/higiene-oral\/wp-json\/wp\/v2\/product_cat?post=886"},{"taxonomy":"product_tag","embeddable":true,"href":"https:\/\/proquident.com.co\/higiene-oral\/wp-json\/wp\/v2\/product_tag?post=886"}],"curies":[{"name":"wp","href":"https:\/\/api.w.org\/{rel}","templated":true}]}}