{"id":885,"date":"2023-01-05T18:27:17","date_gmt":"2023-01-05T18:27:17","guid":{"rendered":"https:\/\/proquident.com.co\/higiene-oral\/?post_type=product&#038;p=885"},"modified":"2026-02-10T17:48:26","modified_gmt":"2026-02-10T17:48:26","slug":"enhebradores-para-seda-dental","status":"publish","type":"product","link":"https:\/\/proquident.com.co\/higiene-oral\/producto\/enhebradores-para-seda-dental\/","title":{"rendered":"Enhebradores pl\u00e1sticos para seda dental"},"content":{"rendered":"<h3>Usos<\/h3>\n<p>Inserta en el enhebrador la seda dental, introd\u00facelo por los espacios interproximales, retira el enhebrador dejando la seda en la zona para usarla.<\/p>\n<p>Una vez termines la limpieza de todos los dientes, desecha el enhebrador y la seda, pues son productos de un solo uso por limpieza.<\/p>\n<p>El uso habitual de la seda dental, completa la higiene bucal al remover la placa bacteriana del surco gingival, en el aparato de ortodoncia y las zonas interdentales donde el cepillo no llega; evitando el mal aliento, la formaci\u00f3n de c\u00e1lculo y las caries.<\/p>\n<h3>Beneficios<\/h3>\n<p>Dise\u00f1ados para facilitar el paso de la seda dental por lugares de dif\u00edcil acceso, como: debajo de los puentes fijos, entre aparatos ortod\u00f3nticos o entre dientes unidos o ferulados.<\/p>\n<h3>P\u00fablico<\/h3>\n<p>Pacientes con espacios interdentales estrechos.<\/p>\n<p>*Uso recomendado en ni\u00f1os a partir de los 12 a\u00f1os.<\/p>\n<h3>Presentaci\u00f3n<\/h3>\n<p>24 unidades por blister.<\/p>\n<p><strong>Para Informaci\u00f3n adicional sobre este producto cont\u00e1ctenos a trav\u00e9s de <i class=\"fas fa-envelope\"><\/i><a href=\"mailto:contacto@proquident.com.co\" target=\"_blank\" rel=\"noopener\">\u00a0contacto@proquident.com.co<\/a><\/strong><\/p>\n","protected":false},"excerpt":{"rendered":"<p>Filamentos de nylon dise\u00f1ados especialmente para facilitar el paso de la seda dental por los espacios de dif\u00edcil acceso: dientes api\u00f1ados, ferulizados, pr\u00f3tesis cementadas o aparatos de ortodoncia pues facilita la limpieza de estos aparatos, el acceso al \u00e1rea interdental y al espacio ubicado entre el diente y el alambre.<\/p>\n<p>El enhebrador y la seda act\u00faan conjuntamente para facilitar el barrido de la placa bacteriana que se forma alrededor de los aparatos de ortodoncia, en la parte interna de las enc\u00edas (surco gingival) y en los espacios que hay entre cada diente (interproximales); evitando el mal aliento y la formaci\u00f3n de c\u00e1lculo y caries.<\/p>\n[fl_builder_insert_layout id=1309]\n<p>[su_button url=\"https:\/\/proquident.com.co\/DocumentosProductos\/Enhebrador%20seda\/GC-FT-10_6.pdf?_t=1770745628\" target=\"_blank\" style=\"flat\u201d icon=\"icon: angle-double-down\u201d]Ficha t\u00e9cnica[\/su_button] [su_button url=\"https:\/\/proquident.com.co\/DocumentosProductos\/Enhebrador%20seda\/(C.NO.R%202010014709)%20Enhebradores%20para%20seda%20dental.pdf?_t=1760753358\" target=\"_blank\" style=\"flat\u201d icon=\"icon: angle-double-down\u201d]Registro sanitario[\/su_button]<\/p>\n","protected":false},"featured_media":1192,"comment_status":"open","ping_status":"closed","template":"","meta":{"om_disable_all_campaigns":false,"inline_featured_image":false,"_monsterinsights_skip_tracking":false,"_monsterinsights_sitenote_active":false,"_monsterinsights_sitenote_note":"","_monsterinsights_sitenote_category":0,"_uf_show_specific_survey":0,"_uf_disable_surveys":false},"product_cat":[56,146],"product_tag":[99],"class_list":{"0":"post-885","1":"product","2":"type-product","3":"status-publish","4":"has-post-thumbnail","6":"product_cat-especializados","7":"product_cat-sedas","8":"product_tag-enhebrador-seda","10":"first","11":"instock","12":"shipping-taxable","13":"product-type-simple"},"aioseo_notices":[],"_links":{"self":[{"href":"https:\/\/proquident.com.co\/higiene-oral\/wp-json\/wp\/v2\/product\/885","targetHints":{"allow":["GET"]}}],"collection":[{"href":"https:\/\/proquident.com.co\/higiene-oral\/wp-json\/wp\/v2\/product"}],"about":[{"href":"https:\/\/proquident.com.co\/higiene-oral\/wp-json\/wp\/v2\/types\/product"}],"replies":[{"embeddable":true,"href":"https:\/\/proquident.com.co\/higiene-oral\/wp-json\/wp\/v2\/comments?post=885"}],"wp:featuredmedia":[{"embeddable":true,"href":"https:\/\/proquident.com.co\/higiene-oral\/wp-json\/wp\/v2\/media\/1192"}],"wp:attachment":[{"href":"https:\/\/proquident.com.co\/higiene-oral\/wp-json\/wp\/v2\/media?parent=885"}],"wp:term":[{"taxonomy":"product_cat","embeddable":true,"href":"https:\/\/proquident.com.co\/higiene-oral\/wp-json\/wp\/v2\/product_cat?post=885"},{"taxonomy":"product_tag","embeddable":true,"href":"https:\/\/proquident.com.co\/higiene-oral\/wp-json\/wp\/v2\/product_tag?post=885"}],"curies":[{"name":"wp","href":"https:\/\/api.w.org\/{rel}","templated":true}]}}