{"id":881,"date":"2023-01-05T18:11:38","date_gmt":"2023-01-05T18:11:38","guid":{"rendered":"https:\/\/proquident.com.co\/higiene-oral\/?post_type=product&#038;p=881"},"modified":"2026-02-10T18:12:42","modified_gmt":"2026-02-10T18:12:42","slug":"enjuague-bucal-ninos","status":"publish","type":"product","link":"https:\/\/proquident.com.co\/higiene-oral\/producto\/enjuague-bucal-ninos\/","title":{"rendered":"Enjuague bucal ni\u00f1os"},"content":{"rendered":"<h3>Beneficios<\/h3>\n<ul>\n<li>Libre de sulfatos y parabenos<\/li>\n<li>Sabor a menta<\/li>\n<\/ul>\n<h3>Usos<\/h3>\n<p>Despu\u00e9s de cada cepillado y durante 30 segundos haz buches, sin ingerir, y finalmente desecha el enjuague usado.<\/p>\n<h3>P\u00fablico<\/h3>\n<p>Para ni\u00f1os de 6 a 12 a\u00f1os.<\/p>\n<h3>Recomendaciones<\/h3>\n<p>No se debe ingerir.<\/p>\n<h3>Presentaci\u00f3n<\/h3>\n<p>250mL.<\/p>\n<p><strong>Para Informaci\u00f3n adicional sobre este producto cont\u00e1ctenos a trav\u00e9s de <i class=\"fas fa-envelope\"><\/i><a href=\"mailto:contacto@proquident.com.co\" target=\"_blank\" rel=\"noopener\">\u00a0contacto@proquident.com.co<\/a><\/strong><\/p>\n","protected":false},"excerpt":{"rendered":"<p>Enjuague sin alcohol para lavar los tejidos blandos y hacer limpieza de toda la cavidad oral. Contiene fl\u00faor para el fortalecimiento del esmalte dental.<\/p>\n<p>[su_button url=\"https:\/\/proquident.com.co\/DocumentosProductos\/Enjuague%20bucal%20nin%CC%83os\/GC-FT-519_4.pdf?_t=1770747120\" target=\"_blank\" style=\"flat\u201d icon=\"icon: angle-double-down\u201d]Ficha t\u00e9cnica[\/su_button] [su_button url=\"https:\/\/proquident.com.co\/DocumentosProductos\/Enjuague%20bucal%20nin%CC%83os\/(%20NSOC83136-17CO)%20Enjuague%20Bucal%20Ni%C3%B1os.pdf?_t=1760747213\" target=\"_blank\" style=\"flat\u201d icon=\"icon: angle-double-down\u201d]Registro sanitario[\/su_button]<\/p>\n[fl_builder_insert_layout id=1275]\n","protected":false},"featured_media":1195,"comment_status":"open","ping_status":"closed","template":"","meta":{"om_disable_all_campaigns":false,"inline_featured_image":false,"_monsterinsights_skip_tracking":false,"_monsterinsights_sitenote_active":false,"_monsterinsights_sitenote_note":"","_monsterinsights_sitenote_category":0,"_uf_show_specific_survey":0,"_uf_disable_surveys":false},"product_cat":[147],"product_tag":[64,97],"class_list":{"0":"post-881","1":"product","2":"type-product","3":"status-publish","4":"has-post-thumbnail","6":"product_cat-enjuagues","7":"product_tag-enjuague-bucal","8":"product_tag-enjuague-ninos","10":"first","11":"instock","12":"shipping-taxable","13":"product-type-simple"},"aioseo_notices":[],"_links":{"self":[{"href":"https:\/\/proquident.com.co\/higiene-oral\/wp-json\/wp\/v2\/product\/881","targetHints":{"allow":["GET"]}}],"collection":[{"href":"https:\/\/proquident.com.co\/higiene-oral\/wp-json\/wp\/v2\/product"}],"about":[{"href":"https:\/\/proquident.com.co\/higiene-oral\/wp-json\/wp\/v2\/types\/product"}],"replies":[{"embeddable":true,"href":"https:\/\/proquident.com.co\/higiene-oral\/wp-json\/wp\/v2\/comments?post=881"}],"wp:featuredmedia":[{"embeddable":true,"href":"https:\/\/proquident.com.co\/higiene-oral\/wp-json\/wp\/v2\/media\/1195"}],"wp:attachment":[{"href":"https:\/\/proquident.com.co\/higiene-oral\/wp-json\/wp\/v2\/media?parent=881"}],"wp:term":[{"taxonomy":"product_cat","embeddable":true,"href":"https:\/\/proquident.com.co\/higiene-oral\/wp-json\/wp\/v2\/product_cat?post=881"},{"taxonomy":"product_tag","embeddable":true,"href":"https:\/\/proquident.com.co\/higiene-oral\/wp-json\/wp\/v2\/product_tag?post=881"}],"curies":[{"name":"wp","href":"https:\/\/api.w.org\/{rel}","templated":true}]}}