{"id":880,"date":"2023-01-05T18:09:54","date_gmt":"2023-01-05T18:09:54","guid":{"rendered":"https:\/\/proquident.com.co\/higiene-oral\/?post_type=product&#038;p=880"},"modified":"2026-04-22T17:48:27","modified_gmt":"2026-04-22T17:48:27","slug":"crema-dental-triple-accion-con-carbon-activado","status":"publish","type":"product","link":"https:\/\/proquident.com.co\/higiene-oral\/producto\/crema-dental-triple-accion-con-carbon-activado\/","title":{"rendered":"Crema tripleacci\u00f3n con carb\u00f3n"},"content":{"rendered":"<h3>Usos<\/h3>\n<p>Aplica una cantidad de crema sobre el cepillo de dientes, usa la t\u00e9cnica adecuada para un buen cepillado y enjuaga al terminar el proceso.<\/p>\n<h3>Beneficios:<\/h3>\n<ul>\n<li>Ayuda a mantener el color natural de tus dientes.<\/li>\n<li>Frescura y limpieza.<\/li>\n<li>Con carb\u00f3n activado y menta.<\/li>\n<\/ul>\n<h3>Presentaciones<\/h3>\n<p>75 mL y Tripack de 75 mL c\/u.<\/p>\n<p><strong>Para Informaci\u00f3n adicional sobre este producto cont\u00e1ctenos a trav\u00e9s de <i class=\"fas fa-envelope\"><\/i><a href=\"mailto:contacto@proquident.com.co\" target=\"_blank\" rel=\"noopener\">\u00a0contacto@proquident.com.co<\/a><\/strong><\/p>\n","protected":false},"excerpt":{"rendered":"<p>Crema dental de uso diario que contiene fl\u00faor 1452 ppm, calcio, carb\u00f3n activado y menta.<\/p>\n<p>Ayuda a prevenir la formaci\u00f3n de manchas externas, efecto que se logra acompa\u00f1ado de buenos h\u00e1bitos de higiene oral.<\/p>\n<p>[fl_builder_insert_layout id=1250] [su_youtube url=\"https:\/\/www.youtube.com\/watch?v=HDlkJtEVXu0\"]<\/p>\n<p>[su_button url=\"https:\/\/proquident.com.co\/DocumentosProductos\/Crema%20dental%20carbo%CC%81n%20triple%20accio%CC%81n\/CNC%20GC-FT-732%20CREMA%20DENTAL%20TRIPLE%20ACCI%C3%93N%20CON%20CARB%C3%93N%20ACTIVADO%20PROQUIDENT%20v.8.pdf?_t=1776880054\" target=\"_blank\" style=\"flat\u201d icon=\"icon: angle-double-down\u201d]Ficha t\u00e9cnica[\/su_button] [su_button url=\"https:\/\/proquident.com.co\/DocumentosProductos\/Crema%20dental%20carbo%CC%81n%20triple%20accio%CC%81n\/%28NSOC90148-18CO%29%20Crema%20Dental%20TripleAcci%C3%B3n%20Carb%C3%B3n%20Activador.pdf?_t=1761084818\" target=\"_blank\" style=\"flat\u201d icon=\"icon: angle-double-down\u201d]Registro sanitario[\/su_button]<\/p>\n","protected":false},"featured_media":1197,"comment_status":"open","ping_status":"closed","template":"","meta":{"om_disable_all_campaigns":false,"inline_featured_image":false,"_monsterinsights_skip_tracking":false,"_monsterinsights_sitenote_active":false,"_monsterinsights_sitenote_note":"","_monsterinsights_sitenote_category":0,"_uf_show_specific_survey":0,"_uf_disable_surveys":false},"product_cat":[149],"product_tag":[96,95],"class_list":{"0":"post-880","1":"product","2":"type-product","3":"status-publish","4":"has-post-thumbnail","6":"product_cat-cremas","7":"product_tag-carbon-activado","8":"product_tag-crema-triple-accion","10":"first","11":"instock","12":"shipping-taxable","13":"product-type-simple"},"aioseo_notices":[],"_links":{"self":[{"href":"https:\/\/proquident.com.co\/higiene-oral\/wp-json\/wp\/v2\/product\/880","targetHints":{"allow":["GET"]}}],"collection":[{"href":"https:\/\/proquident.com.co\/higiene-oral\/wp-json\/wp\/v2\/product"}],"about":[{"href":"https:\/\/proquident.com.co\/higiene-oral\/wp-json\/wp\/v2\/types\/product"}],"replies":[{"embeddable":true,"href":"https:\/\/proquident.com.co\/higiene-oral\/wp-json\/wp\/v2\/comments?post=880"}],"wp:featuredmedia":[{"embeddable":true,"href":"https:\/\/proquident.com.co\/higiene-oral\/wp-json\/wp\/v2\/media\/1197"}],"wp:attachment":[{"href":"https:\/\/proquident.com.co\/higiene-oral\/wp-json\/wp\/v2\/media?parent=880"}],"wp:term":[{"taxonomy":"product_cat","embeddable":true,"href":"https:\/\/proquident.com.co\/higiene-oral\/wp-json\/wp\/v2\/product_cat?post=880"},{"taxonomy":"product_tag","embeddable":true,"href":"https:\/\/proquident.com.co\/higiene-oral\/wp-json\/wp\/v2\/product_tag?post=880"}],"curies":[{"name":"wp","href":"https:\/\/api.w.org\/{rel}","templated":true}]}}