{"id":874,"date":"2023-01-05T17:54:26","date_gmt":"2023-01-05T17:54:26","guid":{"rendered":"https:\/\/proquident.com.co\/higiene-oral\/?post_type=product&#038;p=874"},"modified":"2025-10-22T00:22:41","modified_gmt":"2025-10-22T00:22:41","slug":"enjuague-bucal-zero-0-alcohol","status":"publish","type":"product","link":"https:\/\/proquident.com.co\/higiene-oral\/producto\/enjuague-bucal-zero-0-alcohol\/","title":{"rendered":"Enjuague Bucal Zero"},"content":{"rendered":"<h3>Usos<\/h3>\n<p>Despu\u00e9s de cada cepillado, realice buches durante 30 segundos, sin ingerir, y finalmente deseche el enjuague usado.<\/p>\n<h3>Beneficios<\/h3>\n<ul>\n<li>Enjuague bucal con sabor a menta para un aliento fresco.<\/li>\n<li>Protecci\u00f3n anti c\u00e1lculo y ayuda a prevenir la formaci\u00f3n de caries.<\/li>\n<li>No contiene alcohol.<\/li>\n<li>Tiene pirofosfato tetrasodico que ayuda como agente de control del sarro.<\/li>\n<li>Con fl\u00faor (100 ppm).<\/li>\n<\/ul>\n<h3>Recomendaciones<\/h3>\n<p>El odont\u00f3logo recomienda usar el enjuague dos o tres veces al d\u00eda.<\/p>\n<p>No ingerir bebidas ni alimentos hasta que haya transcurrido por lo menos15 minutos del uso del enjuague.<\/p>\n<h3>P\u00fablico:<\/h3>\n<p>Puede ser usado por adultos y ni\u00f1os mayores de 12 a\u00f1os.<\/p>\n<h3>Presentaciones<\/h3>\n<p>200mL, 500mL, 1000mL y 3800mL.<\/p>\n<p><strong>Para Informaci\u00f3n adicional sobre este producto cont\u00e1ctenos a trav\u00e9s de <i class=\"fas fa-envelope\"><\/i><a href=\"mailto:contacto@proquident.com.co\" target=\"_blank\" rel=\"noopener\">\u00a0contacto@proquident.com.co<\/a><\/strong><\/p>\n","protected":false},"excerpt":{"rendered":"<p>Este enjuague bucal con su f\u00f3rmula Zero alcohol ayuda al cuidado de las mucosas. Ayuda a reducir la formaci\u00f3n de c\u00e1lculos dentales y sarro, debido a su contenido de <span class=\"NormalTextRun SCXW134405549 BCX0\">Pirofosfato <\/span><span class=\"NormalTextRun SpellingErrorV2Themed SpellingErrorHighlight SCXW134405549 BCX0\">tetrasodico<\/span> y ayuda a prevenir la formaci\u00f3n de caries, gracias al fluoruro de sodio.<\/p>\n<p>Su agradable sabor a menta produce un aliento fresco y duradero.<\/p>\n<p>[fl_builder_insert_layout id=1284] [su_youtube url=\"https:\/\/www.youtube.com\/watch?v=jf1eYxwSNFQ\"]<\/p>\n<p>[su_button url=\"https:\/\/proquident.com.co\/DocumentosProductos\/Enjuague%20bucal%20zero\/GC-FT-103ENJUAGUE%20BUCAL%20ZERO%20PROQUIDENT_V11.pdf?_t=1761092509\" target=\"_blank\" style=\"flat\u201d icon=\"icon: angle-double-down\u201d]Ficha t\u00e9cnica[\/su_button] [su_button url=\"https:\/\/proquident.com.co\/DocumentosProductos\/Enjuague%20bucal%20zero\/%28NSOC25844-23CO%29%20Enjuague%20Bucal%20Zero.pdf?_t=1761082810\" target=\"_blank\" style=\"flat\u201d icon=\"icon: angle-double-down\u201d]Registro sanitario[\/su_button]<\/p>\n","protected":false},"featured_media":1634,"comment_status":"open","ping_status":"closed","template":"","meta":{"om_disable_all_campaigns":false,"inline_featured_image":false,"_monsterinsights_skip_tracking":false,"_monsterinsights_sitenote_active":false,"_monsterinsights_sitenote_note":"","_monsterinsights_sitenote_category":0,"_uf_show_specific_survey":0,"_uf_disable_surveys":false},"product_cat":[147],"product_tag":[64,82],"class_list":{"0":"post-874","1":"product","2":"type-product","3":"status-publish","4":"has-post-thumbnail","6":"product_cat-enjuagues","7":"product_tag-enjuague-bucal","8":"product_tag-enjuague-bucal-sin-alcohol","10":"first","11":"instock","12":"shipping-taxable","13":"product-type-simple"},"aioseo_notices":[],"_links":{"self":[{"href":"https:\/\/proquident.com.co\/higiene-oral\/wp-json\/wp\/v2\/product\/874","targetHints":{"allow":["GET"]}}],"collection":[{"href":"https:\/\/proquident.com.co\/higiene-oral\/wp-json\/wp\/v2\/product"}],"about":[{"href":"https:\/\/proquident.com.co\/higiene-oral\/wp-json\/wp\/v2\/types\/product"}],"replies":[{"embeddable":true,"href":"https:\/\/proquident.com.co\/higiene-oral\/wp-json\/wp\/v2\/comments?post=874"}],"wp:featuredmedia":[{"embeddable":true,"href":"https:\/\/proquident.com.co\/higiene-oral\/wp-json\/wp\/v2\/media\/1634"}],"wp:attachment":[{"href":"https:\/\/proquident.com.co\/higiene-oral\/wp-json\/wp\/v2\/media?parent=874"}],"wp:term":[{"taxonomy":"product_cat","embeddable":true,"href":"https:\/\/proquident.com.co\/higiene-oral\/wp-json\/wp\/v2\/product_cat?post=874"},{"taxonomy":"product_tag","embeddable":true,"href":"https:\/\/proquident.com.co\/higiene-oral\/wp-json\/wp\/v2\/product_tag?post=874"}],"curies":[{"name":"wp","href":"https:\/\/api.w.org\/{rel}","templated":true}]}}