{"id":1770,"date":"2025-05-20T18:17:39","date_gmt":"2025-05-20T18:17:39","guid":{"rendered":"https:\/\/proquident.com.co\/higiene-oral\/?post_type=product&#038;p=1770"},"modified":"2026-02-11T17:42:18","modified_gmt":"2026-02-11T17:42:18","slug":"refrescante-cuidadopro","status":"publish","type":"product","link":"https:\/\/proquident.com.co\/higiene-oral\/producto\/refrescante-cuidadopro\/","title":{"rendered":"Refrescante bucal Cuidado Pro"},"content":{"rendered":"<h3>Usos<\/h3>\n<p>Sujeta el producto en posici\u00f3n vertical, oprime la boquilla dos veces y refresca tu boca con un intenso sabor a menta.<\/p>\n<h3>Beneficios:<\/h3>\n<ul>\n<li><span class=\"TextRun SCXW181430349 BCX0\" lang=\"ES-MX\" xml:lang=\"ES-MX\" data-contrast=\"auto\"><span class=\"NormalTextRun SCXW181430349 BCX0\">Ayuda a mantener un aliento fresco.<\/span><\/span><\/li>\n<li>Sabor a menta.<\/li>\n<li>Antibacterial*.<\/li>\n<\/ul>\n<p>(E. Coli, P Aeruginosa, S Aureus)<\/p>\n<h3>P\u00fablico<\/h3>\n<ul>\n<li>Pensado para las personas que tienen d\u00edas muy agitados y desean tener un aliento fresco y prolongado, sin necesidad de ir al ba\u00f1o.<\/li>\n<li>Puede ser usado por ni\u00f1os mayores de 12 a\u00f1os, bajo la supervisi\u00f3n de un adulto.<\/li>\n<\/ul>\n<h3>Presentaci\u00f3n<\/h3>\n<p>20 mL.<\/p>\n<p><strong>Para Informaci\u00f3n adicional sobre este producto cont\u00e1ctenos a trav\u00e9s de <i class=\"fas fa-envelope\"><\/i><a href=\"mailto:contacto@proquident.com.co\" target=\"_blank\" rel=\"noopener\">\u00a0contacto@proquident.com.co<\/a><\/strong><\/p>\n","protected":false},"excerpt":{"rendered":"<p>Disfruta de un aliento agradable, fresco y prolongado.<\/p>\n<ul>\n<li><span class=\"TextRun SCXW181430349 BCX0\" lang=\"ES-MX\" xml:lang=\"ES-MX\" data-contrast=\"auto\"><span class=\"NormalTextRun SCXW181430349 BCX0\">Ayuda a mantener un aliento fresco.<\/span><\/span><\/li>\n<li>Antibacterial.<\/li>\n<li>Sabor a menta.<\/li>\n<\/ul>\n<p>&nbsp;<\/p>\n<p>[fl_builder_insert_layout id=1828][su_button url=\"https:\/\/proquident.com.co\/DocumentosProductos\/Refrescante%20Cuidado%20Pro\/FT-%20Refrescante%20CuidadoPro.pdf?_t=1747851966\" target=\"_blank\" style=\"flat\u201d icon=\"icon: angle-double-down\u201d]Ficha t\u00e9cnica[\/su_button] [su_button url=\"https:\/\/proquident.com.co\/DocumentosProductos\/Refrescante%20Cuidado%20Pro\/NSOC81385-17CO%20Renovaci%C3%B3n%20Ago%202024.pdf?_t=1770831666\" target=\"_blank\" style=\"flat\u201d icon=\"icon: angle-double-down\u201d]Registro sanitario[\/su_button]<\/p>\n","protected":false},"featured_media":1771,"comment_status":"open","ping_status":"closed","template":"","meta":{"om_disable_all_campaigns":false,"inline_featured_image":false,"_monsterinsights_skip_tracking":false,"_monsterinsights_sitenote_active":false,"_monsterinsights_sitenote_note":"","_monsterinsights_sitenote_category":0,"_uf_show_specific_survey":0,"_uf_disable_surveys":false},"product_cat":[182],"product_tag":[198,200,199],"class_list":{"0":"post-1770","1":"product","2":"type-product","3":"status-publish","4":"has-post-thumbnail","6":"product_cat-refrescantes","7":"product_tag-cuidado-pro","8":"product_tag-menta","9":"product_tag-refrescante","11":"first","12":"instock","13":"shipping-taxable","14":"product-type-simple"},"aioseo_notices":[],"_links":{"self":[{"href":"https:\/\/proquident.com.co\/higiene-oral\/wp-json\/wp\/v2\/product\/1770","targetHints":{"allow":["GET"]}}],"collection":[{"href":"https:\/\/proquident.com.co\/higiene-oral\/wp-json\/wp\/v2\/product"}],"about":[{"href":"https:\/\/proquident.com.co\/higiene-oral\/wp-json\/wp\/v2\/types\/product"}],"replies":[{"embeddable":true,"href":"https:\/\/proquident.com.co\/higiene-oral\/wp-json\/wp\/v2\/comments?post=1770"}],"wp:featuredmedia":[{"embeddable":true,"href":"https:\/\/proquident.com.co\/higiene-oral\/wp-json\/wp\/v2\/media\/1771"}],"wp:attachment":[{"href":"https:\/\/proquident.com.co\/higiene-oral\/wp-json\/wp\/v2\/media?parent=1770"}],"wp:term":[{"taxonomy":"product_cat","embeddable":true,"href":"https:\/\/proquident.com.co\/higiene-oral\/wp-json\/wp\/v2\/product_cat?post=1770"},{"taxonomy":"product_tag","embeddable":true,"href":"https:\/\/proquident.com.co\/higiene-oral\/wp-json\/wp\/v2\/product_tag?post=1770"}],"curies":[{"name":"wp","href":"https:\/\/api.w.org\/{rel}","templated":true}]}}