{"id":1764,"date":"2025-05-19T17:50:17","date_gmt":"2025-05-19T17:50:17","guid":{"rendered":"https:\/\/proquident.com.co\/higiene-oral\/?post_type=product&#038;p=1764"},"modified":"2026-02-11T17:36:56","modified_gmt":"2026-02-11T17:36:56","slug":"enjuague-cuidado-pro","status":"publish","type":"product","link":"https:\/\/proquident.com.co\/higiene-oral\/producto\/enjuague-cuidado-pro\/","title":{"rendered":"Enjuague Cuidado Pro"},"content":{"rendered":"<h3>Usos<\/h3>\n<p>Despu\u00e9s de cada cepillado, realice buches fuertes durante 30 segundos, sin ingerir y finalmente deseche el enjuague usado.<\/p>\n<h3>Beneficios<\/h3>\n<ul>\n<li>Ayuda a mantener el color natural de los dientes.<\/li>\n<li>Ayuda con el mal aliento.<\/li>\n<li><span class=\"TextRun SCXW12363787 BCX0\" lang=\"ES-MX\" xml:lang=\"ES-MX\" data-contrast=\"auto\"><span class=\"NormalTextRun SCXW12363787 BCX0\">Ayuda a eliminar bacterias placa y sarro.<\/span><\/span><\/li>\n<li>Ayuda a mantener las enc\u00edas sanas.<\/li>\n<\/ul>\n<h3>P\u00fablico<\/h3>\n<ul>\n<li>Puede ser usado por ni\u00f1os mayores de 12 a\u00f1os, bajo la supervisi\u00f3n de un adulto<\/li>\n<\/ul>\n<h3>Recomendaciones<\/h3>\n<ul>\n<li>No Ingerir.<\/li>\n<li>El odont\u00f3logo recomienda usar el enjuague dos o tres veces al d\u00eda.<\/li>\n<li>No ingerir bebidas ni alimentos hasta que haya transcurrido por lo menos 15 min. del uso del enjuague.<\/li>\n<\/ul>\n<h3>Presentaciones<\/h3>\n<p>200 mL, 500 mL, 1.000 mL.<\/p>\n<p>&nbsp;<\/p>\n<p><strong>Para Informaci\u00f3n adicional sobre este producto cont\u00e1ctenos a trav\u00e9s de <i class=\"fas fa-envelope\"><\/i><a href=\"mailto:contacto@proquident.com.co\" target=\"_blank\" rel=\"noopener\">\u00a0contacto@proquident.com.co<\/a><\/strong><\/p>\n","protected":false},"excerpt":{"rendered":"<p><span data-contrast=\"auto\">Por su contenido de fl\u00faor y zinc ayuda a mantener las enc\u00edas saludables y ayuda a bajar la cantidad de placa bacteriana.<\/span><\/p>\n<p><span data-contrast=\"auto\">Ayuda a brindar protecci\u00f3n contra la caries, ayuda a disminuir la formaci\u00f3n de c\u00e1lculos.<\/span><span data-ccp-props=\"{}\">\u00a0<\/span><\/p>\n<p>[fl_builder_insert_layout id=1778][su_button url=\"https:\/\/proquident.com.co\/DocumentosProductos\/Enjuague%20Cuidado%20Pro\/GC-FT-863_4.pdf?_t=1770748286\" target=\"_blank\" style=\"flat\u201d icon=\"icon: angle-double-down\u201d]Ficha t\u00e9cnica[\/su_button] [su_button url=\"https:\/\/proquident.com.co\/DocumentosProductos\/Enjuague%20Cuidado%20Pro\/NSOC71572-16CO%20Renovaci%C3%B3n%20May%202023.pdf?_t=1770831307\" target=\"_blank\" style=\"flat\u201d icon=\"icon: angle-double-down\u201d]Registro sanitario[\/su_button]<\/p>\n","protected":false},"featured_media":1765,"comment_status":"open","ping_status":"closed","template":"","meta":{"om_disable_all_campaigns":false,"inline_featured_image":false,"_monsterinsights_skip_tracking":false,"_monsterinsights_sitenote_active":false,"_monsterinsights_sitenote_note":"","_monsterinsights_sitenote_category":0,"_uf_show_specific_survey":0,"_uf_disable_surveys":false},"product_cat":[147],"product_tag":[198,64,191],"class_list":{"0":"post-1764","1":"product","2":"type-product","3":"status-publish","4":"has-post-thumbnail","6":"product_cat-enjuagues","7":"product_tag-cuidado-pro","8":"product_tag-enjuague-bucal","9":"product_tag-enjuagues","11":"first","12":"instock","13":"shipping-taxable","14":"product-type-simple"},"aioseo_notices":[],"_links":{"self":[{"href":"https:\/\/proquident.com.co\/higiene-oral\/wp-json\/wp\/v2\/product\/1764","targetHints":{"allow":["GET"]}}],"collection":[{"href":"https:\/\/proquident.com.co\/higiene-oral\/wp-json\/wp\/v2\/product"}],"about":[{"href":"https:\/\/proquident.com.co\/higiene-oral\/wp-json\/wp\/v2\/types\/product"}],"replies":[{"embeddable":true,"href":"https:\/\/proquident.com.co\/higiene-oral\/wp-json\/wp\/v2\/comments?post=1764"}],"wp:featuredmedia":[{"embeddable":true,"href":"https:\/\/proquident.com.co\/higiene-oral\/wp-json\/wp\/v2\/media\/1765"}],"wp:attachment":[{"href":"https:\/\/proquident.com.co\/higiene-oral\/wp-json\/wp\/v2\/media?parent=1764"}],"wp:term":[{"taxonomy":"product_cat","embeddable":true,"href":"https:\/\/proquident.com.co\/higiene-oral\/wp-json\/wp\/v2\/product_cat?post=1764"},{"taxonomy":"product_tag","embeddable":true,"href":"https:\/\/proquident.com.co\/higiene-oral\/wp-json\/wp\/v2\/product_tag?post=1764"}],"curies":[{"name":"wp","href":"https:\/\/api.w.org\/{rel}","templated":true}]}}